reatest common divisor of 4 and 69970?
2
Calculate the highest common factor of 179341 and 57.
19
Calculate the greatest common divisor of 250312 and 536.
536
Calculate the highest common factor of 128968 and 6392.
376
Calculate the highest common divisor of 113912 and 1044.
116
Calculate the greatest common divisor of 117561 and 894.
447
What is the greatest common factor of 244 and 68564?
244
What is the highest common factor of 37 and 3577?
1
Calculate the highest common factor of 60795 and 1260.
315
What is the greatest common divisor of 42 and 120946?
14
Calculate the greatest common factor of 741 and 305786.
247
What is the greatest common factor of 2576025 and 675?
225
Calculate the highest common factor of 545075 and 25.
25
Calculate the highest common divisor of 37294 and 1856.
58
Calculate the greatest common divisor of 24004 and 1530.
34
What is the highest common divisor of 88061 and 107?
107
What is the highest common divisor of 37467 and 3450?
69
Calculate the highest common factor of 1510 and 220130.
10
What is the highest common factor of 98924 and 140?
28
Calculate the highest common factor of 247030 and 140.
70
What is the greatest common divisor of 20528 and 4?
4
Calculate the greatest common factor of 4893 and 1071.
21
What is the highest common divisor of 83654 and 604?
302
Calculate the greatest common divisor of 65655 and 135.
45
Calculate the highest common divisor of 30447 and 56516.
199
What is the greatest common factor of 25 and 87025?
25
What is the highest common divisor of 119 and 959?
7
Calculate the greatest common divisor of 219048 and 72.
24
What is the greatest common divisor of 6458592 and 84?
84
Calculate the greatest common factor of 121142 and 2618.
238
What is the highest common divisor of 5291 and 141229?
407
What is the greatest common divisor of 2997 and 46916?
37
Calculate the greatest common divisor of 202 and 174528.
202
What is the greatest common divisor of 52 and 1056?
4
Calculate the greatest common divisor of 8995840 and 1506.
502
Calculate the greatest common factor of 44 and 700984.
4
Calculate the highest common factor of 112700 and 20.
20
What is the highest common divisor of 356 and 925956?
356
What is the greatest common factor of 3942 and 20742?
6
Calculate the greatest common divisor of 8721 and 1887.
51
What is the greatest common factor of 146 and 6497?
73
What is the greatest common factor of 1237617 and 153?
153
Calculate the highest common factor of 112556 and 152.
76
Calculate the highest common divisor of 2024 and 22517.
253
Calculate the greatest common divisor of 131363 and 1.
1
What is the highest common divisor of 34260 and 820?
20
Calculate the greatest common divisor of 2120 and 87715.
265
Calculate the greatest common divisor of 1538400 and 9600.
2400
What is the highest common factor of 1327265 and 93?
31
Calculate the greatest common divisor of 840 and 62440.
280
What is the greatest common divisor of 650 and 740650?
50
Calculate the highest common divisor of 10168 and 1643.
31
Calculate the greatest common divisor of 892580 and 30.
10
Calculate the greatest common divisor of 4352028 and 1116.
372
What is the greatest common factor of 521437 and 489?
163
Calculate the greatest common divisor of 4224 and 27060.
132
What is the greatest common factor of 3146558 and 232?
58
What is the highest common divisor of 112 and 98672?
112
What is the greatest common divisor of 470 and 709700?
470
What is the greatest common factor of 78 and 302367?
39
Calculate the highest common factor of 325 and 7709.
13
What is the highest common factor of 8354 and 2?
2
Calculate the highest common divisor of 13440 and 1650.
30
What is the highest common divisor of 102074 and 92?
46
What is the highest common factor of 46 and 359?
1
What is the greatest common factor of 768570 and 110?
110
What is the greatest common factor of 68569 and 2154?
359
Calculate the highest common factor of 282 and 283551.
141
What is the greatest common divisor of 2449 and 50313?
31
What is the highest common divisor of 2394954 and 54?
54
Calculate the highest common divisor of 521106 and 24.
6
What is the highest common divisor of 206 and 122?
2
What is the highest common divisor of 24 and 70173?
3
Calculate the greatest common factor of 259 and 13172.
37
Calculate the greatest common factor of 6263895 and 33.
33
What is the highest common divisor of 3310 and 743426?
662
Calculate the greatest common factor of 6545 and 110.
55
Calculate the highest common factor of 754 and 957.
29
Calculate the highest common factor of 2563653 and 628.
157
What is the greatest common divisor of 20504 and 616?
88
Calculate the greatest common factor of 352726 and 22.
22
Calculate the greatest common factor of 6509 and 5589.
23
What is the greatest common divisor of 413 and 13307?
7
What is the highest common factor of 32076 and 9108?
396
What is the highest common divisor of 4314702 and 3?
3
Calculate the highest common divisor of 44 and 34199.
11
Calculate the greatest common divisor of 112 and 5432.
56
Calculate the greatest common factor of 800 and 16768.
32
Calculate the greatest common factor of 8534 and 95882.
502
What is the highest common factor of 36 and 97389?
9
Calculate the highest common divisor of 32562 and 846.
18
What is the greatest common factor of 38997 and 315?
63
Calculate the highest common divisor of 2387910 and 420.
210
What is the highest common divisor of 1086 and 150?
6
What is the highest common factor of 48460 and 2780?
20
Calculate the greatest common divisor of 5910 and 10500.
30
What is the greatest common divisor of 30 and 785580?
30
What is the highest common divisor of 8048 and 128?
16
What is the greatest common factor of 605958 and 552?
138
What is the highest common divisor of 10454 and 42?
2
Calculate the greatest common divisor of 217 and 210645.
31
What is the greatest common factor of 82062 and 36?
18
What is the highest common divisor of 3024 and 182?
14
Calculate the greatest common factor of 2800 and 32800.
400
What is the greatest common divisor of 188785 and 17?
17
What is the greatest common divisor of 41 and 88888?
41
What is the highest common divisor of 11 and 2049?
1
Calculate the greatest common factor of 109 and 1717.
1
Calculate the greatest common divisor of 8569 and 247.
19
What is the highest common divisor of 74008 and 2024?
88
What is the greatest common divisor of 81 and 18495?
27
What is the highest common divisor of 13925 and 6700?
25
What is the highest common factor of 329894 and 20232?
562
Calculate the greatest common factor of 8590 and 2670.
10
What is the greatest common factor of 4734 and 72?
18
Calculate the greatest common factor of 1731292 and 470.
94
What is the highest common divisor of 84311 and 59?
59
Calculate the highest common divisor of 4 and 267028.
4
Calculate the greatest common factor of 2071 and 152.
19
Calculate the greatest common factor of 184668 and 132.
132
Calculate the greatest common divisor of 154809 and 501.
501
Calculate the highest common factor of 10082 and 291952.
142
Calculate the highest common factor of 7320 and 195810.
1830
Calculate the highest common divisor of 250 and 45875.
125
Calculate the highest common factor of 600776 and 264.
88
Calculate the highest common divisor of 18392 and 176.
88
What is the highest common divisor of 50217 and 21?
3
What is the greatest common divisor of 88 and 376?
8
What is the greatest common divisor of 18820 and 20?
20
What is the greatest common factor of 66389 and 674?
337
Calculate the greatest common factor of 7301584 and 48.
16
What is the highest common divisor of 44984 and 1096?
8
Calculate the highest common factor of 87234 and 372.
186
Calculate the greatest common factor of 4945 and 86.
43
Calculate the highest common divisor of 45520 and 320.
80
Calculate the greatest common factor of 90343 and 2838.
473
Calculate the highest common divisor of 1335 and 438859.
89
Calculate the highest common divisor of 602 and 84452.
86
What is the greatest common divisor of 133314 and 1632?
102
What is the highest common factor of 8704 and 459?
17
What is the highest common factor of 38656 and 24?
8
What is the greatest common factor of 385 and 43785?
35
Calculate the greatest common factor of 